= -y - 2. Give b(r).
-9
Let y(t) = -7 + 2 - 7 - 2*t + 0*t. Let l(x) = 3*x + 18. Let s(a) = -a**2 + 6*a + 9. Let j be s(8). Let k(v) = j*y(v) - 5*l(v). Determine k(-7).
1
Let t = 4 - -3. Suppose -v = v + w - 2, 4*v = -w + 2. Let g(q) = -4*q + v + 0 + 5*q - t. Determine g(5).
-2
Let f(t) be the second derivative of t**7/840 + t**6/180 - t**5/40 + t**4/24 - 43*t**3/6 - 29*t. Let w(q) be the second derivative of f(q). Give w(-3).
1
Let w(s) be the first derivative of -s**4/4 - 2*s**3 + s**2 + 2*s - 3. Give w(-6).
-10
Let z(q) = 39*q**2 - 10*q**3 + 6 - 15*q - 2 - 50*q**2 - 1 + 11*q**3. What is z(12)?
-33
Let y(l) = l**3 + 4*l**2 + 4*l + 2. Suppose -249 = 11*f - 227. What is y(f)?
2
Let u(w) = -w**3 + 13*w**2 + 6*w + 4. Let a(i) = i**3 - 14*i**2 - 5*i - 5. Let y(n) = -4*a(n) - 5*u(n). Suppose -10*m + 8*m - 2*m + 40 = 0. What is y(m)?
0
Let k be 16/6 - 3/(-9). Suppose k = 5*z - 7. Let p(w) = 0*w**2 - w**z + 0 + 3 + w - 1. Determine p(2).
0
Let h(i) = -i**3 + 8*i**2 + 12*i + 1. Suppose -14*f + 17*f + a = 30, -f + 3*a = 0. Determine h(f).
28
Let i(k) = k**3 + 9*k**2 + 9*k - 4. Let w be (-5)/((-5)/(-12)) - -4. Give i(w).
-12
Suppose -31*q + 37*q = 108. Let p(c) = -11*c**2 - 2*c**2 - c - 5 - c**3 + q*c**2. Give p(4).
7
Let r = -216 + 219. Let t(s) = s**2 - 2*s + 1. Give t(r).
4
Let w(r) be the first derivative of r**3/3 + 305. Calculate w(2).
4
Let l(i) = -i**3 + 6*i**2 + i - 6. Let x be l(6). Suppose x = 3*r - 13 + 4. Suppose 3*v - r = -6. Let o(m) = 3*m. Determine o(v).
-3
Let p(f) = f**2 - f - 8. Suppose -13 = -3*k + 2. Suppose 0 = -4*n + k*j + 15, -3*j - j = n - 9. Suppose 5*c - n*d = 0, -5*c - 3*d = -d. Determine p(c).
-8
Let o(i) = 9 - 11 + 1 + i + 7*i - i**2. What is o(8)?
-1
Let p(m) = -m**3 - 2*m**2 + 2*m - 2. Let k be 5 - (-5 + (-1)/(2/(-16))). Calculate p(k).
-14
Let x(h) = 2*h**2 + h - 1. Let c be (-1 + 2)/(3/21). Suppose -5*g = 2 - c. Calculate x(g).
2
Let c(p) be the second derivative of 0*p**3 - 1/2*p**4 - 15*p + 1/2*p**2 - 1/20*p**5 + 0. Suppose -4*b = -2*b + 12. What is c(b)?
1
Let n(m) = -5*m**3 - 34*m**2 + 6*m - 5. Let h be n(-7). Let p(q) = 2*q**3 - q**2 - q + 1. Determine p(h).
11
Let j(n) be the first derivative of n**6/360 - 7*n**5/120 - 5*n**4/24 - 5*n**3/3 + 1. Let f(t) be the third derivative of j(t). Calculate f(8).
3
Let o(t) = 64*t - 517. Let x be o(8). Let n(u) = 8*u - 2. Calculate n(x).
-42
Let y(l) = -17*l - 2. Let x(i) = 11*i + 1. Let n(j) = -10*x(j) - 6*y(j). Give n(3).
-22
Let g(m) = 9*m**2 - 2*m + 1. Let o(c) = 7*c**2 - 4*c + 2. Let f(l) = 3*g(l) - 4*o(l). What is f(9)?
4
Suppose -5*b + 42 = -2*b. Let z = b - 12. Let w(v) = 1 + 0 - 5*v**2 + 2*v**2 - v + 0. Calculate w(z).
-13
Suppose 133*s = 153*s - 100. Let m(h) be the first derivative of h**2/2 - h + 1. What is m(s)?
4
Suppose -4*q + 3 = -1. Let h(w) be the first derivative of -13*w**4/4 + w**3/3 - 731. Determine h(q).
-12
Let j(f) = 273*f + 26. Let k(n) = 79*n + 8. Let u(m) = 2*j(m) - 7*k(m). Let p be 5 - 5/(5/2). Determine u(p).
-25
Let f(k) = -3 + k**3 - k - 4 - 6 + 12. Suppose -4 = -u + 1. Suppose 0 = -3*s - u + 11. Determine f(s).
5
Let d = 11 + -5. Suppose -d*n = -n + 25. Let t(x) = x + 1. Let m be t(n). Let p(f) = f - 4. Give p(m).
-8
Let d = 50 - 45. Let w(l) = -5 - l + 4*l - d*l + 1. Determine w(-6).
8
Suppose 10*w - 5*w = 4*p - 18, -3*p + 5*w = -11. Let n(r) = -r + 3. Calculate n(p).
-4
Let u(f) = -f**2 + 3*f - 1. Let t = -3 - -1. Let r be (-2 + 5 + t)*2. What is u(r)?
1
Let q(c) = c**3 + 6*c**2 + c + 6. Let b be q(-6). Suppose -i - 3*i + 4 = b. Let a(v) = 9*v**2 + 2*v - 1. What is a(i)?
10
Let s(f) = 5*f**2 + 4. Let m(n) = -n**3 + 11*n**2 - n + 9. Let a(g) = 2*m(g) - 5*s(g). Let k be -1 + -7*(-6)/126*-3. What is a(k)?
6
Let j be (-424)/(-36) - 10/(-45). Suppose 0 = -5*z + 4*h + 15, 4*z + 2*h - j = -3*h. Let o(b) = -2*b**2 + 2*b - 1. Determine o(z).
-13
Let s = -191 + 186. Let x(k) = k**2 + 5*k + 1. Determine x(s).
1
Let g(d) = -8*d + 1. Let q be 2*(20/110 - 30/44). Let h be (4/14)/q - 65/91. What is g(h)?
9
Let m(b) = -42*b. Suppose 7*d - 2*d + 11 = -4*s, 5*d + 3*s = -7. What is m(d)?
-42
Let f(z) be the first derivative of z**3/3 - 4*z**2 + 9*z + 31. Let r = 12 + -6. Give f(r).
-3
Let i(p) = -p**3 - 3*p**2 + p - 1. Let o(x) = 3*x**3 + 40*x**2 - 56*x + 1. Let d(t) = -4*i(t) - o(t). Calculate d(26).
3
Let c(k) = 13*k - 65. Let h be c(6). Let q(a) = a**2 - 11*a - 21. What is q(h)?
5
Let y(p) be the first derivative of p**3/3 + 5*p**2 + 26*p + 1. Let j be y(-6). Let c(v) = v**3 - 2*v**2 + 3*v - 2. Give c(j).
4
Let a(x) = -x - 8. Let o(h) = 77*h + 372. Let u be o(-5). What is a(u)?
5
Let u(d) = -11*d**2 + 15*d + 1. Let m(o) = 13*o**2 - 16*o - 1. Let h(w) = 6*m(w) + 7*u(w). Suppose -a - 2*a - 24 = 0. Give h(a).
-7
Let q(k) = -k**3 + 5*k**2 + k - 2. Let f be -8 - 12/(9/(-9)). What is q(f)?
18
Let l(k) = k + 8. Let a be l(-7). Let t(d) be the third derivative of d**6/10 - d**5/60 + d**4/24 - 2*d**2. What is t(a)?
12
Suppose -d + 165 = 2*d. Let a(j) = 6 - j**2 - 100*j + 50*j + d*j. Give a(7).
-8
Let v(u) = -12*u + 6 + 5*u + 5*u - 1. Let l(j) = -5*j + 10. Let t(n) = -4*l(n) + 9*v(n). Give t(-5).
-5
Let p(r) = -19*r - 26. Let l(f) = -5*f - 6. Let w(h) = -9*l(h) + 2*p(h). What is w(-3)?
-19
Let q(f) = -f**3 - 11*f**2 - 6*f + 11. Let r be q(-10). Let b = r - -27. Let c(s) = -4*s**2 + 2*s + 2. What is c(b)?
-18
Suppose 3*v + 2*u = 2*v + 12, -2*v + 5*u = 3. Let p(d) = d**2 + 3 + 2*d - v*d + 8*d. Suppose -o - 3*n + 3 = 0, -3*o - 3*n - 1 = 2. What is p(o)?
0
Suppose d = 2*b + 14, -2*d + b = 5 - 18. Let f(x) = -6 - 3*x + 1 + 5. Calculate f(d).
-12
Let j(g) = -3*g**2 + 34*g + 2. Let v be j(10). Let f = v - 39. Let d(r) = -2*r**2 + r + 3. Give d(f).
-12
Let p(s) = 5 + 5*s + 13 - 37. Calculate p(6).
11
Let p(y) be the first derivative of -y**2/2 + 21*y - 258. Give p(0).
21
Let l(b) = -b**3 - 19*b**2 - 4*b + 16. Let y(c) = 4*c**3 + 74*c**2 + 15*c - 63. Let k(u) = -23*l(u) - 6*y(u). Give k(-7).
-4
Let v = 36 + -40. Let a(c) = c + 2. Let r be a(v). Let m(o) = 2*o**2 + 2*o + 1. What is m(r)?
5
Let j(t) be the third derivative of 1/24*t**4 + 0 + 0*t - 7*t**2 + 1/2*t**3. Let n be j(-10). Let a(m) = m**3 + 8*m**2 + 7*m + 3. Determine a(n).
3
Let i(d) be the second derivative of d**4/12 + 3*d**3/2 + 5*d**2/2 + 96*d - 2. Give i(-8).
-3
Let m(r) = 11*r**2 + 20*r + 5. Let h(g) = -5*g**2 - 10*g - 2. Let a(j) = 13*h(j) + 6*m(j). Suppose 29 - 17 = 3*k. What is a(k)?
-20
Let q(k) = 3*k**2 - 30*k + k**3 - 8*k + 1 + 36*k. Determine q(2).
17
Let z = 0 + 4. Let k(n) be the first derivative of n + 5/3*n**3 - 1/4*n**4 + 13 - n**2. Calculate k(z).
9
Let j be 9/3 + 1 + -4. Let m(z) = 6 + j*z - 13 - z. Calculate m(-6).
-1
Let g(m) = m**2 + 2. Let h be g(-2). Let v(b) = -30*b + 25. Let d(q) = 41*q - 34. Let r(n) = 8*d(n) + 11*v(n). What is r(h)?
-9
Let a(w) be the second derivative of -w**5/120 - 5*w**4/24 + w**3/2 - 8*w**2 - 8*w - 1. Let k(o) be the second derivative of a(o). Calculate k(-7).
2
Let q(l) be the third derivative of -3*l**4/8 - l**3/6 + 4*l**2 + 35. Determine q(2).
-19
Let m(y) = 5*y**2 - 2*y**3 - y**2 + y**3 + 3*y. Let j be 334/12 - (-1)/6. Suppose 0 = 5*p + 3 - j. What is m(p)?
-10
Let l(q) = q**2 - 13*q + 27. Let f be l(3). Let k(c) = -c**3 - 5*c**2 - 2*c. Give k(f).
-12
Let f be ((6/9)/1)/(28/(-126)). Let h(q) be the second derivative of q**3/6 + 5*q**2/2 - q. Determine h(f).
2
Let y(r) = 4*r + 82*r**2 - 2 - 99*r**2 - 6*r. Give y(-1).
-17
Let o(h) = 2*h**2 + 2*h. Suppose 66 = 3*n + 21. Let d = n - 13. Give o(d).
12
Let z = 1802 + -1804. Let r(f) = 5*f**2 - 5*f - 5. Calculate r(z).
25
Let a(t) = 20*t**2. Let x = 1078 - 1077. Calculate a(x).
20
Let h(y) = 32*y**2 + 33*y**2 - 100*y**2 - 1 + y + y**3 + 29*y**2 + 7. Determine h(5).
-14
Let f(g) = g**2 - 4*g - 8. Let j(a) = 6*a**2 - 18*a - 39. Let m(h) = 11*f(h) - 2*j(h). Give m(-5).
5
Let g(l) = -l**3 + 5*l**2 - 3*l + 6. Suppose 17*y - 45 = 8*y. Give g(y).
-9
Let k(q) = 89*q**3 - 2*q**2 + q. Let o be k(1). Suppose 0*t - o = -4*t. Let p = t - 16. Let y(l) = l**3 - 6*l**2 + l - 4. Give y(p).
2
Let i(r) be the first derivative of r**5/60 - r**4/24 + r**3/6 - 3*r**2/2 - 1. Let z(u) be the second derivative of i(u). What is z(-2)?
7
Let d(t) = t + 2. Let k(i) = 2*i + 3. Let s(y) = 8*d(y) - 3*k(y). Calculate s(-5).
-3
Let w = 124 - 130. 